01111101
In base 2, what is -110 - -10001?
1011
In base 10, what is -6 + -64?
-70
In base 5, what is -43 + 240?
142
In base 2, what is -10 + -110101010?
-110101100
In base 11, what is -4 - -47?
43
In base 4, what is 20 + 11?
31
In base 13, what is -1 + 111?
110
In base 8, what is -1 + 20?
17
In base 6, what is 100232 + -4?
100224
In base 13, what is c + 34?
43
In base 9, what is -177 - -24?
-153
In base 12, what is -15 + -1b?
-34
In base 4, what is -1313 - 20?
-1333
In base 13, what is -c676 + 3?
-c673
In base 7, what is -416 - -4?
-412
In base 8, what is -66 + -4?
-72
In base 14, what is 56 + -42?
14
In base 14, what is 13 - -4?
17
In base 4, what is 22 - -21?
103
In base 8, what is 0 + -53?
-53
In base 2, what is -100 - 10101100101?
-10101101001
In base 14, what is 32d - 13?
31a
In base 3, what is 20101 - 20?
20011
In base 14, what is -41 + -22?
-63
In base 14, what is 70 + 3?
73
In base 5, what is 224 + -3?
221
In base 9, what is -63 - 2?
-65
In base 16, what is 194 + 5?
199
In base 14, what is -16 - 29?
-41
In base 2, what is 100 + -100110010?
-100101110
In base 9, what is 6 + 86?
103
In base 16, what is 1 + -4f3?
-4f2
In base 3, what is 201 - 0?
201
In base 3, what is -1021 + 2001?
210
In base 12, what is 68b - -5?
694
In base 3, what is -12 + -1101?
-1120
In base 8, what is -4 + -101?
-105
In base 16, what is f - -1f6?
205
In base 9, what is -8373 - -2?
-8371
In base 10, what is -333 + -3?
-336
In base 11, what is -8 + 2?
-6
In base 13, what is -c6 - -3?
-c3
In base 2, what is 1010101 - -1000?
1011101
In base 7, what is -21 - 3565?
-3616
In base 9, what is -2 - -531?
528
In base 11, what is -49 - -56?
8
In base 7, what is 323 - 0?
323
In base 9, what is 221 + -3?
217
In base 5, what is -113 - -203?
40
In base 13, what is 1 + c59?
c5a
In base 7, what is -201 + 230?
26
In base 7, what is 10654 + -5?
10646
In base 7, what is 0 - -51?
51
In base 10, what is -1510 + 12?
-1498
In base 2, what is 0 - 1111110101?
-1111110101
In base 15, what is 3 + -114?
-111
In base 11, what is 1a8 + 1?
1a9
In base 10, what is -7242 - -4?
-7238
In base 9, what is 10 + 23?
33
In base 6, what is -1 + 25?
24
In base 10, what is 157 + 3?
160
In base 14, what is 3 + -37?
-34
In base 7, what is -5 - 44?
-52
In base 8, what is -1 - -470?
467
In base 4, what is 11203 + -10?
11133
In base 2, what is 100 + -11111?
-11011
In base 5, what is 10 + 313?
323
In base 11, what is -229 - 1a?
-248
In base 4, what is 23 + -2330?
-2301
In base 6, what is -35 - -33?
-2
In base 9, what is -4404 + -5?
-4410
In base 15, what is -ae - -3?
-ab
In base 13, what is 701 - 3?
6cb
In base 9, what is -65 - 20?
-85
In base 11, what is 0 - -14?
14
In base 3, what is -111 + -210?
-1021
In base 4, what is -3 - -3102?
3033
In base 14, what is -49 + -2?
-4b
In base 8, what is 407 + 0?
407
In base 10, what is -420 + 5?
-415
In base 8, what is -4 + -50?
-54
In base 6, what is -20 + 14?
-2
In base 10, what is 2314 + -2?
2312
In base 8, what is 1 - 2514?
-2513
In base 4, what is 1122 + -10?
1112
In base 6, what is -45 - -21?
-24
In base 15, what is -2 - 14?
-16
In base 12, what is 972a + 3?
9731
In base 9, what is 16 - -32?
48
In base 4, what is 103002 - 22?
102320
In base 4, what is 110110 + 0?
110110
In base 9, what is -75 + -11?
-86
In base 8, what is 2 - 34?
-32
In base 9, what is -64 + -3?
-67
In base 7, what is 31 - 5?
23
In base 3, what is 11 - 212?
-201
In base 16, what is -1cd + 0?
-1cd
In base 8, what is 5 + -2533?
-2526
In base 13, what is -34 - 5?
-39
In base 2, what is 1011001 + 100?
1011101
In base 10, what is 6 - 5858?
-5852
In base 2, what is 11111001 + -1011?
11101110
In base 15, what is 4 + -90?
-8b
In base 2, what is -1011000 - 1010010?
-10101010
In base 12, what is -5 + -236?
-23b
In base 11, what is -411 + 3?
-409
In base 11, what is -388 + 2?
-386
In base 11, what is 18 + 8?
25
In base 3, what is 0 - 1221?
-1221
In base 7, what is 516 + 15?
534
In base 12, what is 2 - 2829?
-2827
In base 2, what is 1010 + 1011000000?
1011001010
In base 16, what is -16 - -b?
-b
In base 13, what is 66 + -3a?
29
In base 10, what is -6 + -80?
-86
In base 10, what is -5 + 25?
20
In base 14, what is -2 + -4a?
-4c
In base 15, what is 1606c - -4?
16071
In base 6, what is 30 + 140?
210
In base 5, what is -2012 - 4?
-2021
In base 11, what is 1 - 38?
-37
In base 10, what is 65 + 3?
68
In base 9, what is 5 + 3513?
3518
In base 10, what is 1 + 34?
35
In base 14, what is 473 + -5?
46c
In base 4, what is 11 - 1120?
-1103
In base 8, what is -5175 - -10?
-5165
In base 2, what is -111010 - 101?
-111111
In base 4, what is -11 + -1323?
-2000
In base 6, what is -32 - -14?
-14
In base 13, what is 44 - -1a?
61
In base 8, what is -147 - 52?
-221
In base 8, what is 311 - 33?
256
In base 16, what is ea3 - 2?
ea1
In base 9, what is -10 + 7?
-2
In base 5, what is 11422 + -31?
11341
In base 7, what is -2 + -16536?
-16541
In base 16, what is 20 + 23?
43
In base 13, what is -1b + -1?
-1c
In base 11, what is -4 + 53?
4a
In base 14, what is 5 + -23?
-1c
In base 3, what is 0 + 2011?
2011
In base 14, what is -14 - -7?
-b
In base 2, what is -11 - -110110?
110011
In base 11, what is 688 - 1?
687
In base 13, what is 3 + 2a?
30
In base 4, what is -23011 - 2?
-23013
In base 3, what is 0 - 102112?
-102112
In base 7, what is -3 - 502?
-505
In base 13, what is 5 - 1c55?
-1c50
In base 7, what is -51 - -11?
-40
In base 8, what is -3 + -740?
-743
In base 5, what is 1112 - -10?
1122
In base 7, what is -5 - 3415?
-3423
In base 2, what is 11 + -101000010?
-100111111
In base 15, what is -67 + 3?
-64
In base 6, what is -2 - 115?
-121
In base 5, what is 2 - 11002?
-11000
In base 13, what is 0 - 446?
-446
In base 11, what is -6 - 0?
-6
In base 16, what is 1 + ce5?
ce6
In base 13, what is 4 - 149?
-145
In base 14, what is 4 - -ab?
b1
In base 4, what is -2 - 30200?
-30202
In base 5, what is 211203 + 2?
211210
In base 12, what is 3 - ba8?
-ba5
In base 13, what is 13 - 19?
-6
In base 9, what is -35 + -3?
-38
In base 5, what is 0 - 1241?
-1241
In base 16, what is 557 - 5?
552
In base 6, what is -331513 + -2?
-331515
In base 4, what is -3 + -1113?
-1122
In base 2, what is 1000010100 - 1?
1000010011
In base 5, what is -2 - -2?
0
In base 15, what is -b - -6?
-5
In base 14, what is -4 - 69b?
-6a1
In base 5, what is 4 - 1430?
-1421
In base 7, what is 11424 + 1?
11425
In base 11, what is -a0 - 3a?
-12a
In base 15, what is 0 - -49?
49
In base 7, what is 211 + -64?
114
In base 4, what is -202033 - -11?
-202022
In base 15, what is 1 + -4?
-3
In base 5, what is -4 + -4124?
-4133
In base 14, what is 2 - 45?
-43
In base 13, what is 2 + 83?
85
In base 9, what is 6 + 2774?
2781
In base 12, what is 36 + 387?
401
In base 14, what is 132 + -3?
12d
In base 13, what is -c2 - 11?
-103
In base 5, what is -23444 - 0?
-23444
In base 7, what is 10 + 454?
464
In base 9, what is 61 - 16?
44
In base 12, what is 1 + 12?
13
In base 2, what is -1110100001 - -1111?
-1110010010
In base 7, what is 10106 - -3?
10112
In base 6, what is -1344 - 1?
-1345
In base 12, what is 3b + -4?
37
In base 10, what is -15 + 74?
59
In base 10, what is 182 + 7?
189
In base 13, what is 9 - 2?
7
In base 10, what is 27 + 105?
132
In base 7, what is 233 - 43?
160
In base 2, what is -100 - 1001?
-1101
In base 8, what is 5 - 7?
-2
In base 8, what is 4 - 147?
-143
In base 7, what is 13 + -2253?
-2240
In base 9, what is -5 + 74?
68
In base 3, what is -1001020 + -2?
-1001022
In base 12, what is -765 - 4?
-769
In base 3, what is 102012 + 20?
102102
In base 11, what is -10167 + -4?
-10170
In base 11, what is 5 + -216?
-211
In base 16, what is 3cf + 5?
3d4
In base 8, what is 24 - -24?
50
In base 14, what is 0 + -db8?
-db8
In base 2, what is -111111001000 - 110?
-111111001110
In base 6, what is 455 - -4?
503
In base 2, what is -11110000 + -1001?
-11111001
In base 5, what is -1004 - 10?
-1014
In base 7, what is 155 + -3?
152
In base 2, what is 1110 - 10100000011?
-10011110101
In base 14, what is 4 - -56?
5a
In base 15, what is -1 + c?
b
In base 14, what is 4333 + 2?
4335
In base 6, what is -35 - -25?
-10
In base 10, what is -3782 - 4?
-3786
In base 14, what is 35 + 30?
65
In base 3, what is -1002 + -21?
-1100
In base 6, what is -22 + 23?
1
In base 5, what is -423 - 1?
-424
In base 12, what is 0 - 7?
-7
In base 12, 